e remainder when 140249 is divided by 330?
329
Calculate the remainder when 298 is divided by 43.
40
Calculate the remainder when 63300 is divided by 1406.
30
Calculate the remainder when 243078 is divided by 92.
14
Calculate the remainder when 400816 is divided by 140.
136
What is the remainder when 277445 is divided by 25222?
3
Calculate the remainder when 25215 is divided by 12575.
65
Calculate the remainder when 5658 is divided by 103.
96
Calculate the remainder when 69265 is divided by 1647.
91
Calculate the remainder when 25035 is divided by 235.
125
Calculate the remainder when 3025 is divided by 2469.
556
Calculate the remainder when 3109 is divided by 10.
9
Calculate the remainder when 218741 is divided by 36.
5
Calculate the remainder when 125346 is divided by 62557.
232
What is the remainder when 7703 is divided by 299?
228
Calculate the remainder when 357796 is divided by 294.
292
Calculate the remainder when 11044 is divided by 1105.
1099
Calculate the remainder when 8436 is divided by 438.
114
Calculate the remainder when 3167 is divided by 126.
17
Calculate the remainder when 23585 is divided by 60.
5
Calculate the remainder when 122907 is divided by 19.
15
Calculate the remainder when 5833759 is divided by 1010.
1009
Calculate the remainder when 305773 is divided by 1699.
1652
Calculate the remainder when 3380 is divided by 835.
40
What is the remainder when 5119 is divided by 85?
19
What is the remainder when 8626 is divided by 411?
406
What is the remainder when 4621 is divided by 243?
4
Calculate the remainder when 2725673 is divided by 40.
33
What is the remainder when 13601 is divided by 588?
77
What is the remainder when 3505 is divided by 13?
8
Calculate the remainder when 568187 is divided by 1472.
1467
What is the remainder when 2107 is divided by 114?
55
Calculate the remainder when 1072011 is divided by 61.
58
Calculate the remainder when 17060 is divided by 56.
36
Calculate the remainder when 39381 is divided by 772.
9
What is the remainder when 86658 is divided by 162?
150
What is the remainder when 5650 is divided by 1035?
475
Calculate the remainder when 14189 is divided by 787.
23
What is the remainder when 2394 is divided by 14?
0
Calculate the remainder when 377909 is divided by 130.
129
Calculate the remainder when 7604 is divided by 13.
12
Calculate the remainder when 425 is divided by 325.
100
What is the remainder when 147964 is divided by 334?
2
What is the remainder when 12217 is divided by 63?
58
Calculate the remainder when 14434 is divided by 78.
4
Calculate the remainder when 3003 is divided by 240.
123
Calculate the remainder when 158168 is divided by 278.
264
Calculate the remainder when 96579 is divided by 220.
219
What is the remainder when 48305 is divided by 8007?
263
Calculate the remainder when 212321 is divided by 11.
10
Calculate the remainder when 1988 is divided by 68.
16
Calculate the remainder when 6115 is divided by 6050.
65
Calculate the remainder when 540 is divided by 118.
68
Calculate the remainder when 44808 is divided by 1065.
78
What is the remainder when 90918 is divided by 15149?
24
What is the remainder when 1764 is divided by 126?
0
Calculate the remainder when 332423 is divided by 243.
242
What is the remainder when 36161 is divided by 21?
20
Calculate the remainder when 191039 is divided by 1605.
44
What is the remainder when 392671 is divided by 172?
167
Calculate the remainder when 11263 is divided by 86.
83
Calculate the remainder when 40869 is divided by 80.
69
Calculate the remainder when 1328 is divided by 183.
47
What is the remainder when 95159 is divided by 8?
7
What is the remainder when 14939 is divided by 6?
5
Calculate the remainder when 114931 is divided by 905.
901
What is the remainder when 404437 is divided by 90?
67
Calculate the remainder when 1489 is divided by 68.
61
Calculate the remainder when 28541 is divided by 55.
51
Calculate the remainder when 3151 is divided by 1523.
105
What is the remainder when 140 is divided by 61?
18
What is the remainder when 3482 is divided by 35?
17
What is the remainder when 18728 is divided by 6128?
344
What is the remainder when 26529 is divided by 167?
143
Calculate the remainder when 1753 is divided by 760.
233
Calculate the remainder when 790 is divided by 675.
115
What is the remainder when 6847 is divided by 36?
7
What is the remainder when 18819 is divided by 211?
40
What is the remainder when 15217 is divided by 129?
124
Calculate the remainder when 3135 is divided by 59.
8
Calculate the remainder when 3627 is divided by 236.
87
Calculate the remainder when 1788695 is divided by 156.
155
What is the remainder when 8749 is divided by 4312?
125
What is the remainder when 85199 is divided by 80?
79
Calculate the remainder when 51986 is divided by 82.
80
Calculate the remainder when 16899 is divided by 87.
21
Calculate the remainder when 118430 is divided by 58.
52
Calculate the remainder when 65790 is divided by 14.
4
What is the remainder when 4946 is divided by 358?
292
Calculate the remainder when 19238 is divided by 90.
68
What is the remainder when 8142 is divided by 813?
12
Calculate the remainder when 24569 is divided by 15.
14
Calculate the remainder when 15648 is divided by 79.
6
What is the remainder when 18563 is divided by 663?
662
What is the remainder when 278289 is divided by 18?
9
What is the remainder when 2921 is divided by 238?
65
What is the remainder when 260 is divided by 100?
60
What is the remainder when 6509 is divided by 2164?
17
Calculate the remainder when 17436 is divided by 697.
11
Calculate the remainder when 43751 is divided by 99.
92
What is the remainder when 16207 is divided by 1348?
31
Calculate the remainder when 42195 is divided by 361.
319
What is the remainder when 103289 is divided by 312?
17
Calculate the remainder when 188756 is divided by 27.
26
Calculate the remainder when 53159 is divided by 15.
14
Calculate the remainder when 94870 is divided by 25.
20
What is the remainder when 3203 is divided by 1573?
57
Calculate the remainder when 56604 is divided by 8086.
2
Calculate the remainder when 60284 is divided by 12.
8
What is the remainder when 2412 is divided by 232?
92
What is the remainder when 5579 is divided by 3401?
2178
Calculate the remainder when 20235 is divided by 246.
63
Calculate the remainder when 17490 is divided by 484.
66
Calculate the remainder when 775 is divided by 289.
197
Calculate the remainder when 7059 is divided by 410.
89
Calculate the remainder when 27912 is divided by 231.
192
What is the remainder when 15105 is divided by 7518?
69
What is the remainder when 13655 is divided by 47?
25
What is the remainder when 228242 is divided by 818?
20
Calculate the remainder when 3493135 is divided by 16.
15
What is the remainder when 86423 is divided by 30?
23
What is the remainder when 20325 is divided by 44?
41
What is the remainder when 642 is divided by 80?
2
Calculate the remainder when 12307 is divided by 534.
25
What is the remainder when 756895 is divided by 763?
762
Calculate the remainder when 53989 is divided by 190.
29
What is the remainder when 8907 is divided by 98?
87
Calculate the remainder when 4407 is divided by 877.
22
Calculate the remainder when 72757 is divided by 72732.
25
What is the remainder when 21063 is divided by 6148?
2619
What is the remainder when 3250 is divided by 982?
304
Calculate the remainder when 6529 is divided by 498.
55
What is the remainder when 84911 is divided by 174?
173
What is the remainder when 64843 is divided by 4052?
11
Calculate the remainder when 266967 is divided by 93.
57
Calculate the remainder when 243892 is divided by 21.
19
What is the remainder when 71140 is divided by 28?
20
What is the remainder when 803901 is divided by 192?
189
Calculate the remainder when 28934 is divided by 5773.
69
What is the remainder when 251867 is divided by 125928?
11
What is the remainder when 14847 is divided by 24?
15
Calculate the remainder when 1781 is divided by 1656.
125
Calculate the remainder when 54308 is divided by 12.
8
What is the remainder when 6693 is divided by 423?
348
What is the remainder when 590705 is divided by 489?
482
What is the remainder when 249844 is divided by 47?
39
What is the 